s of p(y).
2, 5, 13
Suppose -2 = -o, 4*r - 26 = -3*o + 2*o. Suppose -t - 3*a + 2 = -2*a, -5*a - r = -3*t. List the prime factors of (-1)/(820/(-408) + t).
2, 3, 17
Let n(h) = h**2 + 3*h + 44. Suppose -f + 22*f = 0. What are the prime factors of n(f)?
2, 11
Suppose -20887 - 6286 = -29*h. Suppose 5*u - 1253 - h = 0. What are the prime factors of u?
2, 3, 73
Suppose 0 = -3*h + 6 - 0. Let x be 530 - (h + 0/(-4)). Suppose x = 37*b - 35*b. List the prime factors of b.
2, 3, 11
Let k(z) = -907*z - 3713. What are the prime factors of k(-8)?
3, 1181
Suppose -3*s + 3*u - 6195 + 38808 = 0, -2*u = -5*s + 54343. What are the prime factors of s?
10867
Suppose -39*n + 9*n + 3270190 = 32*n. List the prime factors of n.
5, 7, 11, 137
Suppose -2*a = 2*a - 184. Suppose 633 = -22*g + 25*g + 3*c, 0 = -g + 2*c + 190. Let v = g - a. List the prime factors of v.
2, 79
Suppose -w - z = -2402, w - z = -w + 4792. Suppose 19*g - 41*g = -w. What are the prime factors of g?
109
Let n = -35 - -934. Suppose 2528 = -n*u + 903*u. List the prime factors of u.
2, 79
What are the prime factors of (3810/(-6))/(41/(-656))?
2, 5, 127
Let x(z) = z**3 + 5*z**2 - 7*z + 31443. List the prime factors of x(0).
3, 47, 223
List the prime factors of 133/95 - (-2 - (-21938)/(-5)).
4391
Let v be -3 - 128/(-24) - 4/(-6). Suppose -y - 2*c = -1186, 3*y + 5*c - 3538 = v*c. What are the prime factors of y?
2, 3, 7
Let k(o) = 12128*o - 213. What are the prime factors of k(1)?
5, 2383
Let n(g) = -g**3 - 44*g**2 + 3 - 1 + 56*g**2. Let m be n(12). List the prime factors of (m/5)/(20/1700).
2, 17
Suppose 27*a = 119*a + 198*a - 5560170. What are the prime factors of a?
3, 7, 11, 83
Let c(v) = 29538*v**2 - 11*v + 20. List the prime factors of c(1).
3, 7, 67
Let y(a) be the first derivative of 43*a**3/3 + a**2/2 - a - 39. What are the prime factors of y(3)?
389
Suppose -252*k + 420608 = -188*k. List the prime factors of k.
2, 31, 53
Let h be (-3872)/(-240) - 4/30. Suppose h*c - 4862 = -6*c. List the prime factors of c.
13, 17
Suppose 229*d - 43528 = 220*d + 43412. List the prime factors of d.
2, 3, 5, 7, 23
Suppose -5*z - 15 = 0, 4*b - 5372 = -3*z + 17191. What are the prime factors of b?
3, 11, 19
Suppose -9*b = -45*b - 2592. What are the prime factors of 6698/14 - b/126?
479
Suppose -34*j + 32*j + 16017 = 3*q, 0 = -j. List the prime factors of q.
19, 281
Suppose -3*f - 4*x = 7034, f + 0*f = 5*x - 2332. List the prime factors of f/(-8) + 72/(-96).
2, 73
Let g be 40 - ((-4)/(-6) - 65/39). Let n = g - 33. List the prime factors of 528/10 - n/10.
2, 13
Suppose 0*n - 4*w = -5*n + 106, -3*w + 42 = 3*n. Let y be n - 14 - (-2 - -1). List the prime factors of 5/(y/204) - (-12 + 15).
3, 67
Suppose 40*y = 45*y - 15. Suppose -5*g + 3713 = 3*b - 514, -2541 = -y*g - 3*b. List the prime factors of g.
3, 281
Suppose -10 = -5*f, -380 = -15*l + 11*l - 4*f. Suppose 3*x + 28 = 4*a + 7*x, 0 = -3*x + 12. Suppose -a*w = -l - 270. List the prime factors of w.
11
Suppose 0 = m - 9*m + 88. Let j = 428 - m. List the prime factors of j.
3, 139
Let i(l) = -l**3 - 99*l**2 - 168*l - 4213. List the prime factors of i(-103).
3, 83, 223
Let q(c) = c**3 + 6*c**2 - c - 1. Suppose -13 = 6*d + 23. Let m be q(d). List the prime factors of -2 + m + -1 + 28.
2, 3, 5
Let d = 11137 - 3682. What are the prime factors of d?
3, 5, 7, 71
Let o(w) = 13*w**3 + 1134*w**2 + 82*w + 118. List the prime factors of o(-87).
13, 17, 71
Let h(q) be the second derivative of 5*q**3/3 - 75*q**2/2 + 166*q + 2. List the prime factors of h(29).
5, 43
Suppose -5*l - 3*d = 3, 2*l - 5*d = 1 + 4. Suppose -3*t + 4 + 11 = l. What are the prime factors of (28/(-7) + t)/(1/13)?
13
Let z be (-6)/8 - (-13)/(-4). Let f(s) = -2*s - 15. Let t be f(z). Let y(m) = -6*m - 3. List the prime factors of y(t).
3, 13
Let z(n) be the first derivative of 5*n**3 + 20*n**2 + 5*n - 80. List the prime factors of z(-7).
2, 5, 23
Let v = -237 + 241. Suppose 2*a - 2898 = -5*l + 6*l, v*a = 4*l + 5804. What are the prime factors of a?
1447
Let q be 9 - 3 - -1*4/(-1). Suppose 3*c - q*i = 2004, -3*c - 4*i = -5*i - 2001. Suppose f + 110 = k, -c = -4*k + f - 223. What are the prime factors of k?
3, 37
Let x = 351 + -347. Suppose -5*p + q + 2638 = 0, x*q + 1273 + 831 = 4*p. List the prime factors of p.
2, 3, 11
Suppose z - 21 = -s, -z + s + 16 = 3*s. Suppose -3*i + i + z = 0. Suppose 83 - i = 5*b. List the prime factors of b.
2, 7
Let z(k) = 4*k - 2. Let o = 98 - 44. Suppose 57*q - 21 = o*q. What are the prime factors of z(q)?
2, 13
Let o = 156 - 60. What are the prime factors of 65/2 + o/64?
2, 17
Let y(b) = 3*b**2 + 4*b + 15. Let j be y(5). Let m = -106 + j. Suppose 4*u + 0*q + 5*q - 332 = 0, -3*u - m*q + 248 = 0. List the prime factors of u.
2, 11
Let w(g) = 415*g**3 + 78*g - 232. What are the prime factors of w(3)?
7, 1601
Suppose -2*i = -4*b, -3*i - 3*b + 10 = -4*b. Suppose 5*z + i = -11, 0 = 2*y + 2*z - 726. What are the prime factors of y?
2, 3, 61
Let v(w) = w**3 + w. Let m(h) = 5*h**3 + 6*h**2 - h + 10. Let b(i) = -m(i) + 6*v(i). Let o be b(5). Suppose o = -4*y + 3*y + 92. List the prime factors of y.
2, 23
Let s(t) = t**2 + 13*t + 2. Let d(r) = 2*r**2 + 26*r + 4. Let y(b) = -3*d(b) + 7*s(b). Let k be y(-11). Let f = k + 34. List the prime factors of f.
2, 7
Suppose 8*a - a - 209650 = 0. Suppose -51*j + 60983 + a = 0. What are the prime factors of j?
1783
Let y = -114 + 114. Suppose y*j - 6*j + 30 = 0. Suppose -j*s + 464 = -941. List the prime factors of s.
281
Suppose -42*c + 44*c = 4*x + 38, 2*c - 2*x - 44 = 0. List the prime factors of (5/(c/(-722)))/(38/(-190)).
2, 19
Suppose h - 17301 = -t, 2*t - 34602 = -139*h + 134*h. List the prime factors of t.
3, 73, 79
Suppose 7*k - 9 = 4*k. Suppose 0 - k = -y. Suppose 77 = 2*z + p, y*p = -z + 29 + 17. What are the prime factors of z?
37
Let m(o) = 17*o - 17. Let n(b) = -56*b**3 + 2*b**2 + 3*b + 1. Let v be n(-1). Suppose -67*p + 63*p = -v. List the prime factors of m(p).
13, 17
Let a(j) = 40*j**2 + 5*j - 28. Suppose 0 = 3*k - 3*q, 2*q = -9*k + 10*k + 3. List the prime factors of a(k).
347
Let y(v) = v**2 - 16*v - 123. Let s = -139 - -111. List the prime factors of y(s).
1109
Let y(a) = -45*a - 6. Let w be (24/10)/((-30)/(-100)). Suppose 0 = -4*p + k - w, 3*p - 5*k + 10 = -2*p. List the prime factors of y(p).
2, 3, 7
Let n(d) = d**3 - 45*d**2 - 42*d + 143. What are the prime factors of n(46)?
3, 109
Suppose -3*d - 1149 = 4*c - c, -3*d = 5*c + 1921. Let p = c + 908. What are the prime factors of p?
2, 3, 29
Let d be 661/3 + 8/(-24). Suppose 380 + d = 2*f. Suppose 9*v - f = -v. What are the prime factors of v?
2, 3, 5
Let v be 1 - ((-2)/2)/(10/30). Suppose -4*x + 639 = 3*f + 1852, x - v*f + 327 = 0. Let c = x - -535. What are the prime factors of c?
2, 3, 19
Let d(m) = -3*m**3 - 2*m**2 + 3*m + 2. Let c(h) = -26*h - 54. Let z be c(-2). List the prime factors of d(z).
2, 3
Let c(o) = -o**3 + 16*o**2 + 37*o + 18. Let w be c(18). Suppose -v = w - 9. Let y = 48 + v. List the prime factors of y.
3, 7
Let f(o) = 2*o**2 + 54*o - 1068. List the prime factors of f(-105).
2, 3, 11, 29
Let u(f) = -87 + 103 - f**3 - 82 + 27*f**2 - 8*f. What are the prime factors of u(26)?
2, 3, 67
Suppose -2*f + 2693 = -865. List the prime factors of f.
3, 593
Let d(b) = -512*b + 2260. What are the prime factors of d(-65)?
2, 5, 1777
Let v(k) = 197*k - 3. Let y be 7 + (6/4)/((-9)/24). Suppose -15 = -18*r + y*r. List the prime factors of v(r).
2, 97
What are the prime factors of 16/((-64)/12) - (2 + -44131 + 1)?
5, 353
Suppose -4*b - 3*g + 55203 = 0, 6*b + 3*g - 75578 - 7231 = 0. List the prime factors of b.
3, 43, 107
Suppose -95*c = -94*c - 3. Suppose -2*g - q + 85 = 0, -135 = -4*g + c*q + 2*q. List the prime factors of g/(-48)*4/10*-474.
2, 79
Let z(d) = -d**3 + 2*d**2 + 27*d + 5013. List the prime factors of z(0).
3, 557
What are the prime factors of ((-85)/(-3))/((-60)/(-23040))?
2, 5, 17
Suppose 5*p = 4*r + 2, 2*p = -2*p + 5*r - 2. Let t be 1*(5 - p)*67. Suppose 0 = -4*n + t + 331. What are the prime factors of n?
7, 19
Let n be 573 - -25*(-7)/35. Let t = n + 718. What are the prime factors of t?
2, 643
Let o be (-2)/1*(0 + 186/(-4)). Let r = -91 + o. Suppose -c = r*c + 4*b - 144, 2*b - 96 = -2*c. List the prime factors of c.
2, 3
Let c be (-3800)/(-228) - (-5)/(-3). Let 